{"id":56,"date":"2017-01-23T00:07:13","date_gmt":"2017-01-23T03:07:13","guid":{"rendered":"http:\/\/www.paudalho.pe.gov.br\/portal\/?page_id=56"},"modified":"2017-05-21T21:00:24","modified_gmt":"2017-05-22T00:00:24","slug":"pontos-turisticos","status":"publish","type":"page","link":"https:\/\/www.paudalho.pe.gov.br\/portal\/pontos-turisticos\/","title":{"rendered":"Turismo"},"content":{"rendered":"<p>Paudalho \u00e9 um grande centro de romaria do Nordeste, cujo acesso \u00e9 facilitado por situar-se \u00e0 margem da rodovia BR-408, que liga o munic\u00edpio \u00e0 cidade do Recife, capital do Estado.<\/p>\n<p>Os romeiros v\u00eam entre setembro e janeiro ao Engenho Ramos, onde est\u00e1 a capela de Nossa Senhora da Luz, cumprir promessas a S\u00e3o Severino dos Ramos. Anexa \u00e0 capela est\u00e1 a sala dos ex-votos, onde os fi\u00e9is depositam pe\u00e7as diversas, em agradecimento a gra\u00e7as alcan\u00e7adas.<\/p>\n<p>Outro ponto de interesse s\u00e3o as ru\u00ednas do Mosteiro de S\u00e3o Francisco, onde v\u00e1rios religiosos se refugiaram quando da ocupa\u00e7\u00e3o holandesa em Pernambuco. Diversos pr\u00e9dios de interesse hist\u00f3rico s\u00e3o abertos \u00e0 visita\u00e7\u00e3o: como antigos engenhos; a Ponte de Ita\u00edba, do s\u00e9culo XIX, inaugurada pelo Imperador Dom Pedro II; o Bosque de Pau-Brasil; a f\u00e1brica de beneficiamento do sal, instalada em pr\u00e9dio do s\u00e9culo XVIII; a esta\u00e7\u00e3o ferrovi\u00e1ria (1891); os antigos casar\u00f5es do in\u00edcio deste s\u00e9culo, com detalhes ou fachada em azulejos portugueses; a casa de farinha do Engenho A\u00e7ougue Velho; o a\u00e7ude zumbi.<\/p>\n<p>A festa de S\u00e3o Sebasti\u00e3o, \u00e9 a mais movimentada festa popular religiosa, por\u00e9m o padroeiro da Cidade \u00e9 o Divino Esp\u00edrito Santo, com sua matriz localizada pr\u00f3xima \u00e0 Prefeitura Municipal. Durante o Carnaval, a cidade conta com grupos de maracatu rural, bumba-meu-boi, urso e caboclinhos.<\/p>\n","protected":false},"excerpt":{"rendered":"<p>Paudalho \u00e9 um grande centro de romaria do Nordeste, cujo acesso \u00e9 facilitado por situar-se \u00e0 margem da rodovia BR-408, que liga o munic\u00edpio \u00e0 cidade do Recife, capital do Estado. Os romeiros v\u00eam entre setembro e janeiro ao Engenho Ramos, onde est\u00e1 a capela de Nossa Senhora da Luz, cumprir promessas a S\u00e3o Severino [&hellip;]<\/p>\n","protected":false},"author":1,"featured_media":0,"parent":0,"menu_order":0,"comment_status":"closed","ping_status":"closed","template":"","meta":{"footnotes":""},"class_list":["post-56","page","type-page","status-publish","hentry"],"jetpack_sharing_enabled":true,"jetpack_shortlink":"https:\/\/wp.me\/P98mS2-U","_links":{"self":[{"href":"https:\/\/www.paudalho.pe.gov.br\/portal\/wp-json\/wp\/v2\/pages\/56","targetHints":{"allow":["GET"]}}],"collection":[{"href":"https:\/\/www.paudalho.pe.gov.br\/portal\/wp-json\/wp\/v2\/pages"}],"about":[{"href":"https:\/\/www.paudalho.pe.gov.br\/portal\/wp-json\/wp\/v2\/types\/page"}],"author":[{"embeddable":true,"href":"https:\/\/www.paudalho.pe.gov.br\/portal\/wp-json\/wp\/v2\/users\/1"}],"replies":[{"embeddable":true,"href":"https:\/\/www.paudalho.pe.gov.br\/portal\/wp-json\/wp\/v2\/comments?post=56"}],"version-history":[{"count":3,"href":"https:\/\/www.paudalho.pe.gov.br\/portal\/wp-json\/wp\/v2\/pages\/56\/revisions"}],"predecessor-version":[{"id":243,"href":"https:\/\/www.paudalho.pe.gov.br\/portal\/wp-json\/wp\/v2\/pages\/56\/revisions\/243"}],"wp:attachment":[{"href":"https:\/\/www.paudalho.pe.gov.br\/portal\/wp-json\/wp\/v2\/media?parent=56"}],"curies":[{"name":"wp","href":"https:\/\/api.w.org\/{rel}","templated":true}]}}