{"id":35273,"date":"2025-01-08T00:34:48","date_gmt":"2025-01-08T03:34:48","guid":{"rendered":"https:\/\/www.paudalho.pe.gov.br\/portal\/?page_id=35273"},"modified":"2025-01-13T10:13:22","modified_gmt":"2025-01-13T13:13:22","slug":"a-prefeita","status":"publish","type":"page","link":"https:\/\/www.paudalho.pe.gov.br\/portal\/a-prefeita\/","title":{"rendered":"A Prefeita"},"content":{"rendered":"\n<figure class=\"wp-block-image size-full\"><img loading=\"lazy\" decoding=\"async\" width=\"2560\" height=\"2229\" data-attachment-id=\"35274\" data-permalink=\"https:\/\/www.paudalho.pe.gov.br\/portal\/a-prefeita\/paulinha-prefeita\/\" data-orig-file=\"https:\/\/www.paudalho.pe.gov.br\/portal\/wp-content\/uploads\/2025\/01\/Paulinha-prefeita-scaled.jpeg\" data-orig-size=\"2560,2229\" data-comments-opened=\"1\" data-image-meta=\"{&quot;aperture&quot;:&quot;0&quot;,&quot;credit&quot;:&quot;&quot;,&quot;camera&quot;:&quot;&quot;,&quot;caption&quot;:&quot;&quot;,&quot;created_timestamp&quot;:&quot;0&quot;,&quot;copyright&quot;:&quot;&quot;,&quot;focal_length&quot;:&quot;0&quot;,&quot;iso&quot;:&quot;0&quot;,&quot;shutter_speed&quot;:&quot;0&quot;,&quot;title&quot;:&quot;&quot;,&quot;orientation&quot;:&quot;0&quot;}\" data-image-title=\"Paulinha-prefeita\" data-image-description=\"\" data-image-caption=\"\" data-medium-file=\"https:\/\/www.paudalho.pe.gov.br\/portal\/wp-content\/uploads\/2025\/01\/Paulinha-prefeita-350x230.jpeg\" data-large-file=\"https:\/\/www.paudalho.pe.gov.br\/portal\/wp-content\/uploads\/2025\/01\/Paulinha-prefeita-800x450.jpeg\" src=\"https:\/\/www.paudalho.pe.gov.br\/portal\/wp-content\/uploads\/2025\/01\/Paulinha-prefeita-scaled.jpeg\" alt=\"\" class=\"wp-image-35274\" srcset=\"https:\/\/www.paudalho.pe.gov.br\/portal\/wp-content\/uploads\/2025\/01\/Paulinha-prefeita-scaled.jpeg 2560w, https:\/\/www.paudalho.pe.gov.br\/portal\/wp-content\/uploads\/2025\/01\/Paulinha-prefeita-768x669.jpeg 768w, https:\/\/www.paudalho.pe.gov.br\/portal\/wp-content\/uploads\/2025\/01\/Paulinha-prefeita-1536x1337.jpeg 1536w, https:\/\/www.paudalho.pe.gov.br\/portal\/wp-content\/uploads\/2025\/01\/Paulinha-prefeita-2048x1783.jpeg 2048w\" sizes=\"auto, (max-width: 2560px) 100vw, 2560px\" \/><\/figure>\n\n\n\n<div style=\"height:29px\" aria-hidden=\"true\" class=\"wp-block-spacer\"><\/div>\n\n\n\n<p>Formada em Pedagogia pela Universidade Federal de Pernambuco (UFPE), <strong>Paula Frassinette Wanderley Marinho<\/strong> nasceu em 24 de novembro de 1964, foi eleita a primeira mulher prefeita de Paudalho, obtendo a maior vota\u00e7\u00e3o da hist\u00f3ria do munic\u00edpio, com 24.394 votos. Paulinha da Educa\u00e7\u00e3o, como \u00e9 conhecida, passou cerca de trinta anos de sua vida dentro das salas de aula, sendo efetiva do estado e do munic\u00edpio, formando crian\u00e7as, jovens, adultos e outros professores.<\/p>\n\n\n\n<p>Tendo seu trabalho de excel\u00eancia na educa\u00e7\u00e3o reconhecido, em 2017 foi nomeada secret\u00e1ria executiva de Educa\u00e7\u00e3o e, em 2020, assumiu a frente da Secretaria, conquistando metas hist\u00f3ricas no desenvolvimento da educa\u00e7\u00e3o de Paudalho. Criou o Centro de Desenvolvimento Cognitivo e Psicomotor para cuidar das crian\u00e7as com autismo e transtornos diversos, sendo o \u00fanico equipamento da \u00e1rea em todo o Brasil. Em 2023 ganhou o pr\u00eamio do Banco Central pela implementa\u00e7\u00e3o do Projeto Aprender Valor com 100% de engajamento na Rede Municipal de Ensino. Com o Programa de Inicia\u00e7\u00e3o Cient\u00edfica Municipal fez com que crian\u00e7as a partir do Ensino Fundamental iniciassem o conhecimento cient\u00edfico. Implementou Profissionais de Apoio Escolar em todas as escolas. Colocou Paudalho em primeiro lugar nos Anos Finais no \u00cdndice de Desenvolvimento da Educa\u00e7\u00e3o e acima do \u00edndice da Zona da Mata Norte no \u00cdndice de Flu\u00eancia Leitora.<\/p>\n\n\n\n<p>No campo pol\u00edtico, Paulinha esteve ativa no meio desde sua juventude, exercendo papel de destaque nas campanhas eleitorais para prefeito dos pol\u00edticos Eufr\u00e1sio Gouveia e Marcelo Gouveia e para deputado estadual de Gustavo Gouveia. Agora, como prefeita de Paudalho, Paulinha da Educa\u00e7\u00e3o tem como objetivo o crescimento econ\u00f4mico do munic\u00edpio, o desenvolvimento da agricultura, turismo, educa\u00e7\u00e3o, sa\u00fade, assist\u00eancia social e infraestrutura, com foco na sustentabilidade e proporcionando o bem-estar dos mun\u00edcipes.<\/p>\n","protected":false},"excerpt":{"rendered":"<p>Formada em Pedagogia pela Universidade Federal de Pernambuco (UFPE), Paula Frassinette Wanderley Marinho nasceu em 24 de novembro de 1964, foi eleita a primeira mulher prefeita de Paudalho, obtendo a maior vota\u00e7\u00e3o da hist\u00f3ria do munic\u00edpio, com 24.394 votos. Paulinha da Educa\u00e7\u00e3o, como \u00e9 conhecida, passou cerca de trinta anos de sua vida dentro das [&hellip;]<\/p>\n","protected":false},"author":1,"featured_media":0,"parent":0,"menu_order":0,"comment_status":"closed","ping_status":"closed","template":"","meta":{"footnotes":""},"class_list":["post-35273","page","type-page","status-publish","hentry"],"jetpack_sharing_enabled":true,"jetpack_shortlink":"https:\/\/wp.me\/P98mS2-9aV","_links":{"self":[{"href":"https:\/\/www.paudalho.pe.gov.br\/portal\/wp-json\/wp\/v2\/pages\/35273","targetHints":{"allow":["GET"]}}],"collection":[{"href":"https:\/\/www.paudalho.pe.gov.br\/portal\/wp-json\/wp\/v2\/pages"}],"about":[{"href":"https:\/\/www.paudalho.pe.gov.br\/portal\/wp-json\/wp\/v2\/types\/page"}],"author":[{"embeddable":true,"href":"https:\/\/www.paudalho.pe.gov.br\/portal\/wp-json\/wp\/v2\/users\/1"}],"replies":[{"embeddable":true,"href":"https:\/\/www.paudalho.pe.gov.br\/portal\/wp-json\/wp\/v2\/comments?post=35273"}],"version-history":[{"count":5,"href":"https:\/\/www.paudalho.pe.gov.br\/portal\/wp-json\/wp\/v2\/pages\/35273\/revisions"}],"predecessor-version":[{"id":35291,"href":"https:\/\/www.paudalho.pe.gov.br\/portal\/wp-json\/wp\/v2\/pages\/35273\/revisions\/35291"}],"wp:attachment":[{"href":"https:\/\/www.paudalho.pe.gov.br\/portal\/wp-json\/wp\/v2\/media?parent=35273"}],"curies":[{"name":"wp","href":"https:\/\/api.w.org\/{rel}","templated":true}]}}

<figure class="wp-block-image size-full"><img loading="lazy" decoding="async" width="2560" height="2229" data-attachment-id="35274" data-permalink="https://www.paudalho.pe.gov.br/portal/a-prefeita/paulinha-prefeita/" data-orig-file="https://www.paudalho.pe.gov.br/portal/wp-content/uploads/2025/01/Paulinha-prefeita-scaled.jpeg" data-orig-size="2560,2229" data-comments-opened="1" data-image-meta="{&quot;aperture&quot;:&quot;0&quot;,&quot;credit&quot;:&quot;&quot;,&quot;camera&quot;:&quot;&quot;,&quot;caption&quot;:&quot;&quot;,&quot;created_timestamp&quot;:&quot;0&quot;,&quot;copyright&quot;:&quot;&quot;,&quot;focal_length&quot;:&quot;0&quot;,&quot;iso&quot;:&quot;0&quot;,&quot;shutter_speed&quot;:&quot;0&quot;,&quot;title&quot;:&quot;&quot;,&quot;orientation&quot;:&quot;0&quot;}" data-image-title="Paulinha-prefeita" data-image-description="" data-image-caption="" data-medium-file="https://www.paudalho.pe.gov.br/portal/wp-content/uploads/2025/01/Paulinha-prefeita-350x230.jpeg" data-large-file="https://www.paudalho.pe.gov.br/portal/wp-content/uploads/2025/01/Paulinha-prefeita-800x450.jpeg" src="https://www.paudalho.pe.gov.br/portal/wp-content/uploads/2025/01/Paulinha-prefeita-scaled.jpeg" alt="" class="wp-image-35274" srcset="https://www.paudalho.pe.gov.br/portal/wp-content/uploads/2025/01/Paulinha-prefeita-scaled.jpeg 2560w, https://www.paudalho.pe.gov.br/portal/wp-content/uploads/2025/01/Paulinha-prefeita-768x669.jpeg 768w, https://www.paudalho.pe.gov.br/portal/wp-content/uploads/2025/01/Paulinha-prefeita-1536x1337.jpeg 1536w, https://www.paudalho.pe.gov.br/portal/wp-content/uploads/2025/01/Paulinha-prefeita-2048x1783.jpeg 2048w" sizes="auto, (max-width: 2560px) 100vw, 2560px" /></figure>



<div style="height:29px" aria-hidden="true" class="wp-block-spacer"></div>



<p>Formada em Pedagogia pela Universidade Federal de Pernambuco (UFPE), <strong>Paula Frassinette Wanderley Marinho</strong> nasceu em 24 de novembro de 1964, foi eleita a primeira mulher prefeita de Paudalho, obtendo a maior votação da história do município, com 24.394 votos. Paulinha da Educação, como é conhecida, passou cerca de trinta anos de sua vida dentro das salas de aula, sendo efetiva do estado e do município, formando crianças, jovens, adultos e outros professores.</p>



<p>Tendo seu trabalho de excelência na educação reconhecido, em 2017 foi nomeada secretária executiva de Educação e, em 2020, assumiu a frente da Secretaria, conquistando metas históricas no desenvolvimento da educação de Paudalho. Criou o Centro de Desenvolvimento Cognitivo e Psicomotor para cuidar das crianças com autismo e transtornos diversos, sendo o único equipamento da área em todo o Brasil. Em 2023 ganhou o prêmio do Banco Central pela implementação do Projeto Aprender Valor com 100% de engajamento na Rede Municipal de Ensino. Com o Programa de Iniciação Científica Municipal fez com que crianças a partir do Ensino Fundamental iniciassem o conhecimento científico. Implementou Profissionais de Apoio Escolar em todas as escolas. Colocou Paudalho em primeiro lugar nos Anos Finais no Índice de Desenvolvimento da Educação e acima do índice da Zona da Mata Norte no Índice de Fluência Leitora.</p>



<p>No campo político, Paulinha esteve ativa no meio desde sua juventude, exercendo papel de destaque nas campanhas eleitorais para prefeito dos políticos Eufrásio Gouveia e Marcelo Gouveia e para deputado estadual de Gustavo Gouveia. Agora, como prefeita de Paudalho, Paulinha da Educação tem como objetivo o crescimento econômico do município, o desenvolvimento da agricultura, turismo, educação, saúde, assistência social e infraestrutura, com foco na sustentabilidade e proporcionando o bem-estar dos munícipes.</p>

<p>Formada em Pedagogia pela Universidade Federal de Pernambuco (UFPE), Paula Frassinette Wanderley Marinho nasceu em 24 de novembro de 1964, foi eleita a primeira mulher prefeita de Paudalho, obtendo a maior votação da história do município, com 24.394 votos. Paulinha da Educação, como é conhecida, passou cerca de trinta anos de sua vida dentro das [&hellip;]</p>
